[INFO] cloning repository https://github.com/saturn-xiv/arete
[INFO] running `Command { std: "git" "-c" "credential.helper=" "-c" "credential.helper=/workspace/cargo-home/bin/git-credential-null" "clone" "--bare" "https://github.com/saturn-xiv/arete" "/workspace/cache/git-repos/https%3A%2F%2Fgithub.com%2Fsaturn-xiv%2Farete", kill_on_drop: false }`
[INFO] [stderr] Cloning into bare repository '/workspace/cache/git-repos/https%3A%2F%2Fgithub.com%2Fsaturn-xiv%2Farete'...
[INFO] running `Command { std: "git" "rev-parse" "HEAD", kill_on_drop: false }`
[INFO] [stdout] b24a877af5bf2d549a91e204875e487aee5af796
[INFO] checking saturn-xiv/arete against master#af3c6e733a40e671550e0f0f5aeecaa13772ba56 for pr-74989
[INFO] running `Command { std: "git" "clone" "/workspace/cache/git-repos/https%3A%2F%2Fgithub.com%2Fsaturn-xiv%2Farete" "/workspace/builds/worker-5/source", kill_on_drop: false }`
[INFO] [stderr] Cloning into '/workspace/builds/worker-5/source'...
[INFO] [stderr] done.
[INFO] validating manifest of git repo https://github.com/saturn-xiv/arete on toolchain af3c6e733a40e671550e0f0f5aeecaa13772ba56
[INFO] running `Command { std: "/workspace/cargo-home/bin/cargo" "+af3c6e733a40e671550e0f0f5aeecaa13772ba56" "read-manifest" "--manifest-path" "Cargo.toml", kill_on_drop: false }`
[INFO] started tweaking git repo https://github.com/saturn-xiv/arete
[INFO] finished tweaking git repo https://github.com/saturn-xiv/arete
[INFO] tweaked toml for git repo https://github.com/saturn-xiv/arete written to /workspace/builds/worker-5/source/Cargo.toml
[INFO] crate git repo https://github.com/saturn-xiv/arete already has a lockfile, it will not be regenerated
[INFO] running `Command { std: "/workspace/cargo-home/bin/cargo" "+af3c6e733a40e671550e0f0f5aeecaa13772ba56" "fetch" "--locked" "--manifest-path" "Cargo.toml", kill_on_drop: false }`
[INFO] [stderr]     Blocking waiting for file lock on package cache
[INFO] [stderr]     Blocking waiting for file lock on package cache
[INFO] running `Command { std: "docker" "create" "-v" "/var/lib/crater-agent-workspace/builds/worker-5/target:/opt/rustwide/target:rw,Z" "-v" "/var/lib/crater-agent-workspace/builds/worker-5/source:/opt/rustwide/workdir:ro,Z" "-v" "/var/lib/crater-agent-workspace/cargo-home:/opt/rustwide/cargo-home:ro,Z" "-v" "/var/lib/crater-agent-workspace/rustup-home:/opt/rustwide/rustup-home:ro,Z" "-e" "SOURCE_DIR=/opt/rustwide/workdir" "-e" "CARGO_TARGET_DIR=/opt/rustwide/target" "-e" "CARGO_HOME=/opt/rustwide/cargo-home" "-e" "RUSTUP_HOME=/opt/rustwide/rustup-home" "-w" "/opt/rustwide/workdir" "-m" "1610612736" "--user" "0:0" "--network" "none" "rustops/crates-build-env@sha256:d92eaeed33fa75130ca1ee6c8a01d1ffb62bac859dfdfb3450e3e5d1c0146529" "/opt/rustwide/cargo-home/bin/cargo" "+af3c6e733a40e671550e0f0f5aeecaa13772ba56" "metadata" "--no-deps" "--format-version=1", kill_on_drop: false }`
[INFO] [stdout] cacb5088cc25a4ac3b42346ccb5d25740ee76d117eee351b5a7158daf5a2a9f0
[INFO] [stderr] WARNING: Your kernel does not support swap limit capabilities or the cgroup is not mounted. Memory limited without swap.
[INFO] running `Command { std: "docker" "start" "-a" "cacb5088cc25a4ac3b42346ccb5d25740ee76d117eee351b5a7158daf5a2a9f0", kill_on_drop: false }`
[INFO] running `Command { std: "docker" "inspect" "cacb5088cc25a4ac3b42346ccb5d25740ee76d117eee351b5a7158daf5a2a9f0", kill_on_drop: false }`
[INFO] running `Command { std: "docker" "rm" "-f" "cacb5088cc25a4ac3b42346ccb5d25740ee76d117eee351b5a7158daf5a2a9f0", kill_on_drop: false }`
[INFO] [stdout] cacb5088cc25a4ac3b42346ccb5d25740ee76d117eee351b5a7158daf5a2a9f0
[INFO] running `Command { std: "docker" "create" "-v" "/var/lib/crater-agent-workspace/builds/worker-5/target:/opt/rustwide/target:rw,Z" "-v" "/var/lib/crater-agent-workspace/builds/worker-5/source:/opt/rustwide/workdir:ro,Z" "-v" "/var/lib/crater-agent-workspace/cargo-home:/opt/rustwide/cargo-home:ro,Z" "-v" "/var/lib/crater-agent-workspace/rustup-home:/opt/rustwide/rustup-home:ro,Z" "-e" "SOURCE_DIR=/opt/rustwide/workdir" "-e" "CARGO_TARGET_DIR=/opt/rustwide/target" "-e" "CARGO_INCREMENTAL=0" "-e" "RUST_BACKTRACE=full" "-e" "RUSTFLAGS=--cap-lints=forbid" "-e" "CARGO_HOME=/opt/rustwide/cargo-home" "-e" "RUSTUP_HOME=/opt/rustwide/rustup-home" "-w" "/opt/rustwide/workdir" "-m" "1610612736" "--user" "0:0" "--network" "none" "rustops/crates-build-env@sha256:d92eaeed33fa75130ca1ee6c8a01d1ffb62bac859dfdfb3450e3e5d1c0146529" "/opt/rustwide/cargo-home/bin/cargo" "+af3c6e733a40e671550e0f0f5aeecaa13772ba56" "check" "--frozen" "--all" "--all-targets" "--message-format=json", kill_on_drop: false }`
[INFO] [stdout] f8b90bb9b187ae35621aa51dadcd7c5e31055004896d95d9e4e27bf651b126b5
[INFO] [stderr] WARNING: Your kernel does not support swap limit capabilities or the cgroup is not mounted. Memory limited without swap.
[INFO] running `Command { std: "docker" "start" "-a" "f8b90bb9b187ae35621aa51dadcd7c5e31055004896d95d9e4e27bf651b126b5", kill_on_drop: false }`
[INFO] [stderr]    Compiling libc v0.2.76
[INFO] [stderr]    Compiling syn v1.0.39
[INFO] [stderr]    Compiling serde v1.0.115
[INFO] [stderr]     Checking slab v0.4.2
[INFO] [stderr]     Checking once_cell v1.4.1
[INFO] [stderr]     Checking matches v0.1.8
[INFO] [stderr]     Checking instant v0.1.6
[INFO] [stderr]    Compiling semver-parser v0.7.0
[INFO] [stderr]    Compiling openssl v0.10.30
[INFO] [stderr]    Compiling native-tls v0.2.4
[INFO] [stderr]     Checking rand_core v0.4.2
[INFO] [stderr]    Compiling autocfg v0.1.7
[INFO] [stderr]     Checking ppv-lite86 v0.2.9
[INFO] [stderr]    Compiling encoding_rs v0.8.24
[INFO] [stderr]    Compiling version_check v0.1.5
[INFO] [stderr]     Checking untrusted v0.7.1
[INFO] [stderr]     Checking spin v0.5.2
[INFO] [stderr]     Checking encoding_index_tests v0.1.4
[INFO] [stderr]    Compiling lazy_static v1.4.0
[INFO] [stderr]     Checking language-tags v0.2.2
[INFO] [stderr]    Compiling regex-syntax v0.6.18
[INFO] [stderr]     Checking percent-encoding v1.0.1
[INFO] [stderr]     Checking futures-sink-preview v0.3.0-alpha.19
[INFO] [stderr]     Checking futures-core-preview v0.3.0-alpha.19
[INFO] [stderr]     Checking subtle v2.2.3
[INFO] [stderr]    Compiling error-chain v0.10.0
[INFO] [stderr]    Compiling toml v0.2.1
[INFO] [stderr]    Compiling percent-encoding v2.1.0
[INFO] [stderr]     Checking xml-rs v0.8.3
[INFO] [stderr]     Checking futures-io-preview v0.3.0-alpha.19
[INFO] [stderr]     Checking zeroize v1.1.0
[INFO] [stderr]     Checking shlex v0.1.1
[INFO] [stderr]    Compiling tinyvec v0.3.4
[INFO] [stderr]     Checking unicode-xid v0.2.1
[INFO] [stderr]    Compiling ucd-trie v0.1.3
[INFO] [stderr]    Compiling maplit v1.0.2
[INFO] [stderr]     Checking md5 v0.7.0
[INFO] [stderr]     Checking void v1.0.2
[INFO] [stderr]     Checking ascii_utils v0.9.3
[INFO] [stderr]     Checking cookie-factory v0.3.1
[INFO] [stderr]    Compiling v_htmlescape v0.4.5
[INFO] [stderr]     Checking ascii v0.9.3
[INFO] [stderr]     Checking safemem v0.3.3
[INFO] [stderr]    Compiling humansize v1.1.0
[INFO] [stderr]    Compiling pq-sys v0.4.6
[INFO] [stderr]    Compiling askama_escape v0.10.1
[INFO] [stderr]    Compiling itoa v0.4.6
[INFO] [stderr]    Compiling amq-protocol v6.0.0-rc12
[INFO] [stderr]    Compiling zmq v0.9.2
[INFO] [stderr]     Checking bufstream v0.1.4
[INFO] [stderr]    Compiling lapin v1.2.2
[INFO] [stderr]    Compiling nix v0.18.0
[INFO] [stderr]     Checking same-file v1.0.6
[INFO] [stderr]    Compiling arete v0.1.0 (/opt/rustwide/workdir)
[INFO] [stderr]     Checking async-task v3.0.0
[INFO] [stderr]     Checking rustc-serialize v0.3.24
[INFO] [stderr]     Checking quick-error v2.0.0
[INFO] [stderr]    Compiling if_chain v1.0.0
[INFO] [stderr]     Checking humantime v2.0.1
[INFO] [stderr]     Checking bytesize v1.0.1
[INFO] [stderr]     Checking try_from v0.3.2
[INFO] [stderr]     Checking uuid v0.6.5
[INFO] [stderr]    Compiling mysqlclient-sys v0.2.4
[INFO] [stderr]    Compiling libsqlite3-sys v0.18.0
[INFO] [stderr]    Compiling num-traits v0.2.12
[INFO] [stderr]    Compiling num-integer v0.1.43
[INFO] [stderr]    Compiling hashbrown v0.8.2
[INFO] [stderr]    Compiling indexmap v1.5.2
[INFO] [stderr]    Compiling standback v0.2.10
[INFO] [stderr]     Checking tokio-sync v0.1.8
[INFO] [stderr]    Compiling nom v5.1.2
[INFO] [stderr]    Compiling num-bigint v0.2.6
[INFO] [stderr]    Compiling error-chain v0.12.4
[INFO] [stderr]    Compiling time v0.2.16
[INFO] [stderr]    Compiling nom v6.0.0-alpha1
[INFO] [stderr]     Checking tracing-core v0.1.15
[INFO] [stderr]     Checking lock_api v0.3.4
[INFO] [stderr]     Checking miniz_oxide v0.4.1
[INFO] [stderr]     Checking addr2line v0.13.0
[INFO] [stderr]     Checking unicode-bidi v0.3.4
[INFO] [stderr]     Checking yaml-rust v0.4.4
[INFO] [stderr]     Checking futures-task v0.3.5
[INFO] [stderr]     Checking encoding-index-simpchinese v1.20141219.5
[INFO] [stderr]     Checking encoding-index-japanese v1.20141219.5
[INFO] [stderr]     Checking encoding-index-korean v1.20141219.5
[INFO] [stderr]     Checking encoding-index-singlebyte v1.20141219.5
[INFO] [stderr]     Checking encoding-index-tradchinese v1.20141219.5
[INFO] [stderr]     Checking rand_core v0.3.1
[INFO] [stderr]     Checking rand_jitter v0.1.4
[INFO] [stderr]    Compiling thread_local v1.0.1
[INFO] [stderr]    Compiling semver v0.9.0
[INFO] [stderr]     Checking futures-channel-preview v0.3.0-alpha.19
[INFO] [stderr]     Checking unreachable v1.0.0
[INFO] [stderr]    Compiling nom v4.2.3
[INFO] [stderr]    Compiling email v0.0.20
[INFO] [stderr]     Checking fast_chemail v0.9.6
[INFO] [stderr]    Compiling metadeps v1.1.2
[INFO] [stderr]    Compiling rand_pcg v0.1.2
[INFO] [stderr]    Compiling rand_chacha v0.1.1
[INFO] [stderr]    Compiling rand v0.6.5
[INFO] [stderr]    Compiling pest v2.1.3
[INFO] [stderr]    Compiling unicode-normalization v0.1.13
[INFO] [stderr]     Checking walkdir v2.3.1
[INFO] [stderr]     Checking proc-macro2 v1.0.19
[INFO] [stderr]    Compiling memchr v2.3.3
[INFO] [stderr]    Compiling ryu v1.0.5
[INFO] [stderr]     Checking http-body v0.3.1
[INFO] [stderr]     Checking idna v0.2.0
[INFO] [stderr]     Checking idna v0.1.5
[INFO] [stderr]     Checking rand_hc v0.1.0
[INFO] [stderr]     Checking rand_isaac v0.1.1
[INFO] [stderr]     Checking rand_xorshift v0.1.1
[INFO] [stderr]    Compiling rustc_version v0.2.3
[INFO] [stderr]     Checking encoding v0.2.33
[INFO] [stderr]    Compiling quote v1.0.7
[INFO] [stderr]     Checking futures-util-preview v0.3.0-alpha.19
[INFO] [stderr]     Checking csv-core v0.1.10
[INFO] [stderr]     Checking twoway v0.2.1
[INFO] [stderr]     Checking tracing v0.1.19
[INFO] [stderr]     Checking want v0.3.0
[INFO] [stderr]     Checking want v0.2.0
[INFO] [stderr]    Compiling unicase v2.6.0
[INFO] [stderr]     Checking fxhash v0.2.1
[INFO] [stderr]     Checking base64 v0.10.1
[INFO] [stderr]     Checking combine v3.8.1
[INFO] [stderr]     Checking regex-automata v0.1.9
[INFO] [stderr]     Checking base64 v0.9.3
[INFO] [stderr]     Checking lexical-core v0.7.4
[INFO] [stderr]    Compiling zmq-sys v0.11.0
[INFO] [stderr]     Checking smallvec v0.6.13
[INFO] [stderr]     Checking generic-array v0.14.4
[INFO] [stderr]    Compiling aho-corasick v0.7.13
[INFO] [stderr]     Checking url v1.7.2
[INFO] [stderr]     Checking url v2.1.1
[INFO] [stderr]    Compiling pest_meta v2.1.3
[INFO] [stderr]    Compiling parking_lot_core v0.6.2
[INFO] [stderr]    Compiling parking_lot v0.9.0
[INFO] [stderr]    Compiling hyper v0.12.35
[INFO] [stderr]    Compiling rusoto_core v0.45.0
[INFO] [stderr]     Checking tokio-executor v0.1.10
[INFO] [stderr]     Checking crossbeam-channel v0.4.3
[INFO] [stderr]    Compiling mime_guess v2.0.3
[INFO] [stderr]     Checking digest v0.9.0
[INFO] [stderr]     Checking crypto-mac v0.8.0
[INFO] [stderr]     Checking block-buffer v0.9.0
[INFO] [stderr]     Checking iovec v0.1.4
[INFO] [stderr]     Checking net2 v0.2.34
[INFO] [stderr]     Checking signal-hook-registry v1.2.1
[INFO] [stderr]     Checking time v0.1.44
[INFO] [stderr]     Checking num_cpus v1.13.0
[INFO] [stderr]     Checking parking_lot_core v0.8.0
[INFO] [stderr]     Checking socket2 v0.3.12
[INFO] [stderr]     Checking getrandom v0.1.14
[INFO] [stderr]     Checking backtrace v0.3.50
[INFO] [stderr]     Checking hostname v0.3.1
[INFO] [stderr]     Checking flate2 v1.0.17
[INFO] [stderr]     Checking rand_os v0.1.3
[INFO] [stderr]     Checking dirs-sys v0.3.5
[INFO] [stderr]     Checking mio v0.7.0
[INFO] [stderr]     Checking atty v0.2.14
[INFO] [stderr]     Checking rand v0.4.6
[INFO] [stderr]     Checking parking_lot_core v0.7.2
[INFO] [stderr]     Checking hostname v0.1.5
[INFO] [stderr]     Checking quick-xml v0.17.2
[INFO] [stderr]     Checking pem v0.8.1
[INFO] [stderr]     Checking eui48 v1.1.0
[INFO] [stderr]    Compiling jobserver v0.1.21
[INFO] [stderr]    Compiling regex v1.3.9
[INFO] [stderr]     Checking amq-protocol-uri v6.0.0-rc12
[INFO] [stderr]     Checking publicsuffix v1.5.4
[INFO] [stderr]     Checking robots_txt v0.7.0
[INFO] [stderr]     Checking tokio-current-thread v0.1.7
[INFO] [stderr]     Checking tokio-timer v0.2.13
[INFO] [stderr]     Checking hmac v0.8.1
[INFO] [stderr]     Checking sha2 v0.9.1
[INFO] [stderr]     Checking bytes v0.4.12
[INFO] [stderr]     Checking threadpool v1.8.1
[INFO] [stderr]     Checking futures-cpupool v0.1.8
[INFO] [stderr]     Checking futures-executor-preview v0.3.0-alpha.19
[INFO] [stderr]     Checking mio v0.6.22
[INFO] [stderr]     Checking resolv-conf v0.6.3
[INFO] [stderr]     Checking parking_lot v0.11.0
[INFO] [stderr]     Checking rand_core v0.5.1
[INFO] [stderr]     Checking dirs v2.0.2
[INFO] [stderr]     Checking cookie v0.12.0
[INFO] [stderr]     Checking env_logger v0.7.1
[INFO] [stderr]     Checking clap v2.33.3
[INFO] [stderr]     Checking parking_lot v0.10.2
[INFO] [stderr]    Compiling cc v1.0.59
[INFO] [stderr]     Checking tokio-threadpool v0.1.18
[INFO] [stderr]     Checking futures-preview v0.3.0-alpha.19
[INFO] [stderr]     Checking tokio-io v0.1.13
[INFO] [stderr]     Checking http v0.1.21
[INFO] [stderr]     Checking string v0.2.1
[INFO] [stderr]     Checking tokio-buf v0.1.1
[INFO] [stderr]     Checking rand_chacha v0.2.2
[INFO] [stderr]     Checking scheduled-thread-pool v0.2.5
[INFO] [stderr]     Checking pinky-swear v4.2.3
[INFO] [stderr]    Compiling parse-zoneinfo v0.3.0
[INFO] [stderr]     Checking mio-uds v0.6.8
[INFO] [stderr]    Compiling openssl-src v111.10.2+1.1.1g
[INFO] [stderr]    Compiling cmake v0.1.44
[INFO] [stderr]     Checking uuid v0.7.4
[INFO] [stderr]     Checking futures-timer v0.3.0
[INFO] [stderr]     Checking r2d2 v0.8.9
[INFO] [stderr]     Checking rand v0.7.3
[INFO] [stderr]     Checking tokio-reactor v0.1.12
[INFO] [stderr]     Checking bigdecimal v0.1.2
[INFO] [stderr]     Checking tokio-tcp v0.1.4
[INFO] [stderr]    Compiling openssl-sys v0.9.58
[INFO] [stderr]    Compiling ring v0.16.15
[INFO] [stderr]    Compiling brotli-sys v0.3.2
[INFO] [stderr]    Compiling libz-sys v1.1.1
[INFO] [stderr]    Compiling libssh2-sys v0.2.19
[INFO] [stderr]    Compiling libsodium-sys v0.2.6
[INFO] [stderr]    Compiling paho-mqtt-sys v0.4.0 (https://github.com/eclipse/paho.mqtt.rust.git#976e7ea5)
[INFO] [stderr]    Compiling libgit2-sys v0.12.12+1.0.1
[INFO] [stderr]     Checking tokio v0.1.22
[INFO] [stderr]     Checking tempfile v3.1.0
[INFO] [stderr]     Checking uuid v0.8.1
[INFO] [stderr]     Checking http-body v0.1.0
[INFO] [stderr]    Compiling chrono-tz v0.5.3
[INFO] [stderr]    Compiling synstructure v0.12.4
[INFO] [stderr]    Compiling darling_core v0.10.2
[INFO] [stderr]    Compiling pest_generator v2.1.3
[INFO] [stderr]    Compiling serde_derive v1.0.115
[INFO] [stderr]    Compiling pin-project-internal v0.4.23
[INFO] [stderr]    Compiling tokio-macros v0.2.5
[INFO] [stderr]    Compiling futures-macro v0.3.5
[INFO] [stderr]    Compiling derive_more v0.99.9
[INFO] [stderr]    Compiling async-trait v0.1.40
[INFO] [stderr]    Compiling failure_derive v0.1.8
[INFO] [stderr]    Compiling actix-macros v0.1.2
[INFO] [stderr]    Compiling enum-as-inner v0.3.3
[INFO] [stderr]    Compiling time-macros-impl v0.1.1
[INFO] [stderr]    Compiling actix-web-codegen v0.2.2
[INFO] [stderr]    Compiling v_escape_derive v0.5.6
[INFO] [stderr]    Compiling thiserror-impl v1.0.20
[INFO] [stderr]    Compiling pest_derive v2.1.0
[INFO] [stderr]    Compiling diesel_derives v1.4.1
[INFO] [stderr]    Compiling juniper_codegen v0.14.2
[INFO] [stderr]    Compiling darling_macro v0.10.2
[INFO] [stderr]     Checking tokio v0.2.22
[INFO] [stderr]     Checking failure v0.1.8
[INFO] [stderr]     Checking pin-project v0.4.23
[INFO] [stderr]     Checking time-macros v0.1.0
[INFO] [stderr]     Checking v_escape v0.7.4
[INFO] [stderr]     Checking brotli2 v0.3.2
[INFO] [stderr]     Checking futures-util v0.3.5
[INFO] [stderr]     Checking thiserror v1.0.20
[INFO] [stderr]    Compiling darling v0.10.2
[INFO] [stderr]    Compiling derive_builder_core v0.9.0
[INFO] [stderr]     Checking actix-threadpool v0.3.3
[INFO] [stderr]    Compiling derive_builder v0.9.0
[INFO] [stderr]     Checking tokio-util v0.3.1
[INFO] [stderr]     Checking tokio-util v0.2.0
[INFO] [stderr]     Checking actix-codec v0.2.0
[INFO] [stderr]     Checking actix-codec v0.3.0
[INFO] [stderr]     Checking futures-executor v0.3.5
[INFO] [stderr]     Checking actix-service v1.0.6
[INFO] [stderr]     Checking actix-rt v1.1.1
[INFO] [stderr]     Checking futures v0.3.5
[INFO] [stderr]     Checking redis v0.15.1
[INFO] [stderr]     Checking trust-dns-proto v0.18.0-alpha.2
[INFO] [stderr]     Checking paho-mqtt v0.8.0 (https://github.com/eclipse/paho.mqtt.rust.git#976e7ea5)
[INFO] [stderr]     Checking actix-utils v1.0.6
[INFO] [stderr]     Checking actix-utils v2.0.0
[INFO] [stderr]     Checking serde_json v1.0.57
[INFO] [stderr]     Checking chrono v0.4.15
[INFO] [stderr]     Checking serde_urlencoded v0.6.1
[INFO] [stderr]     Checking actix-router v0.2.4
[INFO] [stderr]     Checking serde_urlencoded v0.5.5
[INFO] [stderr]     Checking toml v0.5.6
[INFO] [stderr]     Checking rhai v0.18.3
[INFO] [stderr]     Checking bstr v0.2.13
[INFO] [stderr]     Checking ipnetwork v0.17.0
[INFO] [stderr]     Checking mustache v0.9.0 (https://github.com/nickel-org/rust-mustache.git#d60f4515)
[INFO] [stderr]     Checking serde-xml-rs v0.4.0
[INFO] [stderr]     Checking actix-server v1.0.3
[INFO] [stderr]     Checking actix-tls v1.0.0
[INFO] [stderr]     Checking h2 v0.2.6
[INFO] [stderr]     Checking h2 v0.1.26
[INFO] [stderr]     Checking amq-protocol-types v6.0.0-rc12
[INFO] [stderr]     Checking cookie_store v0.7.0
[INFO] [stderr]     Checking validator v0.10.1
[INFO] [stderr]     Checking simple_asn1 v0.4.1
[INFO] [stderr]     Checking chrono_utils v0.1.3
[INFO] [stderr]     Checking diesel v1.4.5
[INFO] [stderr]     Checking juniper v0.14.2
[INFO] [stderr]     Checking askama_shared v0.10.4
[INFO] [stderr]     Checking csv v1.1.3
[INFO] [stderr]     Checking actix-testing v1.0.1
[INFO] [stderr]     Checking trust-dns-resolver v0.18.0-alpha.2
[INFO] [stderr]     Checking jsonwebtoken v7.2.0
[INFO] [stderr]     Checking sitemap v0.4.0
[INFO] [stderr]     Checking r2d2_redis v0.13.0
[INFO] [stderr]     Checking actix-connect v1.0.2
[INFO] [stderr]     Checking handlebars v3.4.0
[INFO] [stderr]    Compiling validator_derive v0.10.1
[INFO] [stderr]     Checking hyper v0.13.7
[INFO] [stderr]     Checking actix-http v1.0.1
[INFO] [stderr]    Compiling askama_derive v0.10.3
[INFO] [stderr]     Checking awc v1.0.1
[INFO] [stderr]     Checking askama v0.10.3
[INFO] [stderr]     Checking rusoto_credential v0.45.0
[INFO] [stderr]     Checking actix-web v2.0.0
[INFO] [stderr]     Checking rusoto_signature v0.45.0
[INFO] [stderr]     Checking sodiumoxide v0.2.6
[INFO] [stderr]     Checking actix-session v0.3.0
[INFO] [stderr]     Checking actix-multipart v0.2.0
[INFO] [stderr]     Checking actix-files v0.2.2
[INFO] [stderr]     Checking actix-cors v0.2.0
[INFO] [stderr]     Checking ssh2 v0.8.2
[INFO] [stderr]     Checking git2 v0.13.10
[INFO] [stderr]     Checking tokio-tls v0.3.1
[INFO] [stderr]     Checking tcp-stream v0.20.3
[INFO] [stderr]     Checking hyper-tls v0.3.2
[INFO] [stderr]     Checking lettre v0.9.3
[INFO] [stderr]     Checking hyper-tls v0.4.3
[INFO] [stderr]     Checking reqwest v0.9.24
[INFO] [stderr]     Checking amq-protocol-tcp v6.0.0-rc12
[INFO] [stderr]     Checking reqwest v0.10.8
[INFO] [stderr]     Checking rusoto_sqs v0.45.0
[INFO] [stderr]     Checking rusoto_s3 v0.45.0
[INFO] [stderr]     Checking rss v1.9.0
[INFO] [stderr]     Checking lettre_email v0.9.4
[INFO] [stdout] error[E0432]: unresolved import `arete::queue::Queue`
[INFO] [stdout]  --> tests/rabbitmq_consumer_test.rs:7:29
[INFO] [stdout]   |
[INFO] [stdout] 7 | use arete::{errors::Result, queue::Queue};
[INFO] [stdout]   |                             ^^^^^^^^^^^^ no `Queue` in `queue`
[INFO] [stdout] 
[INFO] [stdout] 
[INFO] [stdout] warning: unused import: `std::fs::File`
[INFO] [stdout]  --> tests/minio_test.rs:6:5
[INFO] [stdout]   |
[INFO] [stdout] 6 | use std::fs::File;
[INFO] [stdout]   |     ^^^^^^^^^^^^^
[INFO] [stdout]   |
[INFO] [stdout]   = note: `#[warn(unused_imports)]` on by default
[INFO] [stdout] 
[INFO] [stdout] 
[INFO] [stdout] warning: unused import: `std::io::BufReader`
[INFO] [stdout]  --> tests/minio_test.rs:7:5
[INFO] [stdout]   |
[INFO] [stdout] 7 | use std::io::BufReader;
[INFO] [stdout]   |     ^^^^^^^^^^^^^^^^^^
[INFO] [stdout] 
[INFO] [stdout] 
[INFO] [stdout] warning: unused import: `std::path::PathBuf`
[INFO] [stdout]  --> tests/minio_test.rs:8:5
[INFO] [stdout]   |
[INFO] [stdout] 8 | use std::path::PathBuf;
[INFO] [stdout]   |     ^^^^^^^^^^^^^^^^^^
[INFO] [stdout] 
[INFO] [stdout] 
[INFO] [stdout] error[E0432]: unresolved import `arete::sys::network::dhcp::Lease`
[INFO] [stdout]  --> tests/network_dhcp_test.rs:5:5
[INFO] [stdout]   |
[INFO] [stdout] 5 | use arete::sys::network::dhcp::Lease;
[INFO] [stdout]   |     ^^^^^^^^^^^^^^^^^^^^^^^^^^^^^^^^ no `Lease` in `sys::network::dhcp`
[INFO] [stdout] 
[INFO] [stdout] 
[INFO] [stdout] error[E0433]: failed to resolve: could not find `api` in `cbeta`
[INFO] [stdout]  --> tests/dict_test.rs:8:33
[INFO] [stdout]   |
[INFO] [stdout] 8 |         &arete::plugins::cbeta::api::dictionaries::ROOT.as_path(),
[INFO] [stdout]   |                                 ^^^ could not find `api` in `cbeta`
[INFO] [stdout] 
[INFO] [stdout] 
[INFO] [stdout] error: aborting due to previous error
[INFO] [stdout] 
[INFO] [stdout] 
[INFO] [stdout] For more information about this error, try `rustc --explain E0432`.
[INFO] [stdout] 
[INFO] [stderr] error: could not compile `arete`.
[INFO] [stderr] 
[INFO] [stderr] To learn more, run the command again with --verbose.
[INFO] [stderr] warning: build failed, waiting for other jobs to finish...
[INFO] [stdout] error: aborting due to previous error
[INFO] [stdout] 
[INFO] [stdout] 
[INFO] [stdout] For more information about this error, try `rustc --explain E0433`.
[INFO] [stdout] 
[INFO] [stdout] error[E0050]: method `handle` has 3 parameters but the declaration in trait `arete::queue::Handler::handle` has 2
[INFO] [stdout]   --> tests/rabbitmq_consumer_test.rs:12:15
[INFO] [stdout]    |
[INFO] [stdout] 12 |     fn handle(&self, id: String, payload: Vec<u8>) -> Result<()> {
[INFO] [stdout]    |               ^^^^^^^^^^^^^^^^^^^^^^^^^^^^^^^^^^^ expected 2 parameters, found 3
[INFO] [stdout]    |
[INFO] [stdout]    = note: `handle` from trait: `fn(&Self, &arete::queue::Task) -> std::result::Result<(), failure::error::Error>`
[INFO] [stdout] 
[INFO] [stdout] 
[INFO] [stdout] error[E0432]: unresolved import `arete::sys::network::setup`
[INFO] [stdout]  --> tests/network_setup_test.rs:4:26
[INFO] [stdout]   |
[INFO] [stdout] 4 | use arete::sys::network::setup::{Ether, Interface, Wifi};
[INFO] [stdout]   |                          ^^^^^ could not find `setup` in `network`
[INFO] [stdout] 
[INFO] [stdout] 
[INFO] [stdout] error[E0425]: cannot find function `ntp` in module `arete::sys`
[INFO] [stdout]  --> tests/ntp_test.rs:5:34
[INFO] [stdout]   |
[INFO] [stdout] 5 |     println!("{:?}", arete::sys::ntp("0.us.pool.ntp.org:123").unwrap());
[INFO] [stdout]   |                                  ^^^ not found in `arete::sys`
[INFO] [stdout] 
[INFO] [stdout] 
[INFO] [stdout] warning: unused import: `askama::Template`
[INFO] [stdout]  --> tests/network_setup_test.rs:5:5
[INFO] [stdout]   |
[INFO] [stdout] 5 | use askama::Template;
[INFO] [stdout]   |     ^^^^^^^^^^^^^^^^
[INFO] [stdout]   |
[INFO] [stdout]   = note: `#[warn(unused_imports)]` on by default
[INFO] [stdout] 
[INFO] [stdout] 
[INFO] [stdout] error: aborting due to previous error; 1 warning emitted
[INFO] [stdout] 
[INFO] [stdout] 
[INFO] [stdout] For more information about this error, try `rustc --explain E0432`.
[INFO] [stdout] 
[INFO] [stdout] error[E0412]: cannot find type `AuthorizationCode` in module `google`
[INFO] [stdout]   --> tests/oauth_google_test.rs:44:23
[INFO] [stdout]    |
[INFO] [stdout] 44 |     let code: google::AuthorizationCode = serde_json::from_reader(reader).unwrap();
[INFO] [stdout]    |                       ^^^^^^^^^^^^^^^^^ not found in `google`
[INFO] [stdout]    |
[INFO] [stdout] help: consider importing one of these items
[INFO] [stdout]    |
[INFO] [stdout] 4  | use arete::oauth::google::openid::AuthorizationCode;
[INFO] [stdout]    |
[INFO] [stdout] 4  | use crate::google::openid::AuthorizationCode;
[INFO] [stdout]    |
[INFO] [stdout] 
[INFO] [stdout] 
[INFO] [stdout] error[E0433]: failed to resolve: could not find `sqs` in `sqs`
[INFO] [stdout]   --> tests/elasticmq_test.rs:20:25
[INFO] [stdout]    |
[INFO] [stdout] 20 |     let cli = aws::sqs::sqs::new(
[INFO] [stdout]    |                         ^^^ could not find `sqs` in `sqs`
[INFO] [stdout] 
[INFO] [stdout] 
[INFO] [stdout] warning: unused import: `std::fs::File`
[INFO] [stdout]  --> tests/elasticmq_test.rs:6:5
[INFO] [stdout]   |
[INFO] [stdout] 6 | use std::fs::File;
[INFO] [stdout]   |     ^^^^^^^^^^^^^
[INFO] [stdout]   |
[INFO] [stdout]   = note: `#[warn(unused_imports)]` on by default
[INFO] [stdout] 
[INFO] [stdout] 
[INFO] [stdout] warning: unused import: `std::io::BufReader`
[INFO] [stdout]  --> tests/elasticmq_test.rs:7:5
[INFO] [stdout]   |
[INFO] [stdout] 7 | use std::io::BufReader;
[INFO] [stdout]   |     ^^^^^^^^^^^^^^^^^^
[INFO] [stdout] 
[INFO] [stdout] 
[INFO] [stdout] warning: unused import: `std::path::PathBuf`
[INFO] [stdout]  --> tests/elasticmq_test.rs:8:5
[INFO] [stdout]   |
[INFO] [stdout] 8 | use std::path::PathBuf;
[INFO] [stdout]   |     ^^^^^^^^^^^^^^^^^^
[INFO] [stdout] 
[INFO] [stdout] 
[INFO] [stdout] error: aborting due to previous error
[INFO] [stdout] 
[INFO] [stdout] 
[INFO] [stdout] For more information about this error, try `rustc --explain E0425`.
[INFO] [stdout] 
[INFO] [stdout] error[E0061]: this function takes 2 arguments but 1 argument was supplied
[INFO] [stdout]   --> tests/oauth_google_test.rs:47:49
[INFO] [stdout]    |
[INFO] [stdout] 47 |     let user: google::openid::User = client.web.get(&code.access_token).unwrap();
[INFO] [stdout]    |                                                 ^^^ ------------------ supplied 1 argument
[INFO] [stdout]    |                                                 |
[INFO] [stdout]    |                                                 expected 2 arguments
[INFO] [stdout] 
[INFO] [stdout] 
[INFO] [stdout] error: aborting due to previous error; 3 warnings emitted
[INFO] [stdout] 
[INFO] [stdout] 
[INFO] [stdout] For more information about this error, try `rustc --explain E0433`.
[INFO] [stdout] 
[INFO] [stdout] error[E0599]: no method named `unwrap` found for struct `RabbitMQ` in the current scope
[INFO] [stdout]   --> tests/rabbitmq_consumer_test.rs:22:63
[INFO] [stdout]    |
[INFO] [stdout] 22 |     let mq = arete::queue::rabbitmq::Config::default().open().unwrap();
[INFO] [stdout]    |                                                               ^^^^^^ method not found in `RabbitMQ`
[INFO] [stdout] 
[INFO] [stdout] 
[INFO] [stdout] error: aborting due to 3 previous errors
[INFO] [stdout] 
[INFO] [stdout] 
[INFO] [stdout] Some errors have detailed explanations: E0050, E0432, E0599.
[INFO] [stdout] 
[INFO] [stdout] For more information about an error, try `rustc --explain E0050`.
[INFO] [stdout] 
[INFO] [stdout] error[E0599]: no variant or associated item named `from_str` found for enum `Region` in the current scope
[INFO] [stdout]   --> tests/oauth_aws_test.rs:21:52
[INFO] [stdout]    |
[INFO] [stdout] 21 |         let cli = aws::s3::S3::new(record, Region::from_str("us-west-2").unwrap()).unwrap();
[INFO] [stdout]    |                                                    ^^^^^^^^ variant or associated item not found in `Region`
[INFO] [stdout]    |
[INFO] [stdout]    = help: items from traits can only be used if the trait is in scope
[INFO] [stdout] help: the following trait is implemented but not in scope; perhaps add a `use` for it:
[INFO] [stdout]    |
[INFO] [stdout] 6  | use std::str::FromStr;
[INFO] [stdout]    |
[INFO] [stdout] 
[INFO] [stdout] 
[INFO] [stdout] error[E0599]: no method named `unwrap` found for opaque type `impl Future` in the current scope
[INFO] [stdout]   --> tests/oauth_aws_test.rs:22:42
[INFO] [stdout]    |
[INFO] [stdout] 22 |         for bucket in cli.list_buckets().unwrap() {
[INFO] [stdout]    |                                          ^^^^^^ method not found in `impl Future`
[INFO] [stdout]    |
[INFO] [stdout] help: consider awaiting before this method call
[INFO] [stdout]    |
[INFO] [stdout] 22 |         for bucket in cli.list_buckets().await.unwrap() {
[INFO] [stdout]    |                                          ^^^^^^
[INFO] [stdout] 
[INFO] [stdout] 
[INFO] [stdout] error[E0599]: no method named `unwrap` found for opaque type `impl Future` in the current scope
[INFO] [stdout]   --> tests/oauth_aws_test.rs:24:55
[INFO] [stdout]    |
[INFO] [stdout] 24 |             for obj in cli.list_objects(bucket, None).unwrap() {
[INFO] [stdout]    |                                                       ^^^^^^ method not found in `impl Future`
[INFO] [stdout]    |
[INFO] [stdout] help: consider awaiting before this method call
[INFO] [stdout]    |
[INFO] [stdout] 24 |             for obj in cli.list_objects(bucket, None).await.unwrap() {
[INFO] [stdout]    |                                                       ^^^^^^
[INFO] [stdout] 
[INFO] [stdout] 
[INFO] [stdout] error: aborting due to 3 previous errors
[INFO] [stdout] 
[INFO] [stdout] 
[INFO] [stdout] For more information about this error, try `rustc --explain E0599`.
[INFO] [stdout] 
[INFO] [stdout] error[E0599]: no method named `unwrap` found for opaque type `impl Future` in the current scope
[INFO] [stdout]   --> tests/minio_test.rs:28:38
[INFO] [stdout]    |
[INFO] [stdout] 28 |     for bucket in cli.list_buckets().unwrap() {
[INFO] [stdout]    |                                      ^^^^^^ method not found in `impl Future`
[INFO] [stdout]    |
[INFO] [stdout] help: consider awaiting before this method call
[INFO] [stdout]    |
[INFO] [stdout] 28 |     for bucket in cli.list_buckets().await.unwrap() {
[INFO] [stdout]    |                                      ^^^^^^
[INFO] [stdout] 
[INFO] [stdout] 
[INFO] [stdout] error[E0599]: no method named `unwrap` found for opaque type `impl Future` in the current scope
[INFO] [stdout]   --> tests/minio_test.rs:30:51
[INFO] [stdout]    |
[INFO] [stdout] 30 |         for obj in cli.list_objects(bucket, None).unwrap() {
[INFO] [stdout]    |                                                   ^^^^^^ method not found in `impl Future`
[INFO] [stdout]    |
[INFO] [stdout] help: consider awaiting before this method call
[INFO] [stdout]    |
[INFO] [stdout] 30 |         for obj in cli.list_objects(bucket, None).await.unwrap() {
[INFO] [stdout]    |                                                   ^^^^^^
[INFO] [stdout] 
[INFO] [stdout] 
[INFO] [stdout] error: aborting due to 2 previous errors; 3 warnings emitted
[INFO] [stdout] 
[INFO] [stdout] 
[INFO] [stdout] For more information about this error, try `rustc --explain E0599`.
[INFO] [stdout] 
[INFO] [stdout] error[E0599]: no method named `unwrap` found for opaque type `impl Future` in the current scope
[INFO] [stdout]   --> tests/oauth_google_test.rs:47:73
[INFO] [stdout]    |
[INFO] [stdout] 47 |     let user: google::openid::User = client.web.get(&code.access_token).unwrap();
[INFO] [stdout]    |                                                                         ^^^^^^ method not found in `impl Future`
[INFO] [stdout] 
[INFO] [stdout] 
[INFO] [stdout] error: aborting due to 3 previous errors
[INFO] [stdout] 
[INFO] [stdout] 
[INFO] [stdout] Some errors have detailed explanations: E0061, E0412, E0599.
[INFO] [stdout] 
[INFO] [stdout] For more information about an error, try `rustc --explain E0061`.
[INFO] [stdout] 
[INFO] [stderr] error: build failed
[INFO] running `Command { std: "docker" "inspect" "f8b90bb9b187ae35621aa51dadcd7c5e31055004896d95d9e4e27bf651b126b5", kill_on_drop: false }`
[INFO] running `Command { std: "docker" "rm" "-f" "f8b90bb9b187ae35621aa51dadcd7c5e31055004896d95d9e4e27bf651b126b5", kill_on_drop: false }`
[INFO] [stdout] f8b90bb9b187ae35621aa51dadcd7c5e31055004896d95d9e4e27bf651b126b5
